{"id":313,"date":"2023-10-31T13:38:06","date_gmt":"2023-10-31T16:38:06","guid":{"rendered":"https:\/\/maxisoft.com.br\/public\/?page_id=313"},"modified":"2026-02-09T17:56:55","modified_gmt":"2026-02-09T20:56:55","slug":"sobre_a_maxisoft","status":"publish","type":"page","link":"https:\/\/maxisoft.com.br\/public\/sobre_a_maxisoft\/","title":{"rendered":"Sobre N\u00f3s"},"content":{"rendered":"\t\t<div data-elementor-type=\"wp-page\" data-elementor-id=\"313\" class=\"elementor elementor-313\" data-elementor-post-type=\"page\">\n\t\t\t\t\t\t\t<div class=\"elementor-element elementor-element-5d03e11 e-flex e-con-boxed e-con e-parent\" data-id=\"5d03e11\" data-element_type=\"container\" data-settings=\"{&quot;content_width&quot;:&quot;boxed&quot;}\" data-core-v316-plus=\"true\">\n\t\t\t\t\t<div class=\"e-con-inner\">\n\t\t<div class=\"elementor-element elementor-element-bac0f24 e-con-full e-flex e-con e-child\" data-id=\"bac0f24\" data-element_type=\"container\" data-settings=\"{&quot;content_width&quot;:&quot;full&quot;}\">\n\t\t\t\t<div class=\"elementor-element elementor-element-17f6faa elementor-widget elementor-widget-image\" data-id=\"17f6faa\" data-element_type=\"widget\" data-widget_type=\"image.default\">\n\t\t\t\t<div class=\"elementor-widget-container\">\n\t\t\t<style>\/*! elementor - v3.18.0 - 20-12-2023 *\/\n.elementor-widget-image{text-align:center}.elementor-widget-image a{display:inline-block}.elementor-widget-image a img[src$=\".svg\"]{width:48px}.elementor-widget-image img{vertical-align:middle;display:inline-block}<\/style>\t\t\t\t\t\t\t\t\t\t\t\t<img fetchpriority=\"high\" decoding=\"async\" width=\"800\" height=\"440\" src=\"https:\/\/maxisoft.com.br\/public\/wp-content\/uploads\/2025\/09\/freepik__adjust__32730-1024x563.png\" class=\"attachment-large size-large wp-image-1383\" alt=\"\" srcset=\"https:\/\/maxisoft.com.br\/public\/wp-content\/uploads\/2025\/09\/freepik__adjust__32730-1024x563.png 1024w, https:\/\/maxisoft.com.br\/public\/wp-content\/uploads\/2025\/09\/freepik__adjust__32730-300x165.png 300w, https:\/\/maxisoft.com.br\/public\/wp-content\/uploads\/2025\/09\/freepik__adjust__32730-768x422.png 768w, https:\/\/maxisoft.com.br\/public\/wp-content\/uploads\/2025\/09\/freepik__adjust__32730.png 1475w\" sizes=\"(max-width: 800px) 100vw, 800px\" \/>\t\t\t\t\t\t\t\t\t\t\t\t\t\t\t<\/div>\n\t\t\t\t<\/div>\n\t\t\t\t<\/div>\n\t\t<div class=\"elementor-element elementor-element-f0869dc e-con-full e-flex e-con e-child\" data-id=\"f0869dc\" data-element_type=\"container\" data-settings=\"{&quot;content_width&quot;:&quot;full&quot;}\">\n\t\t\t\t<div class=\"elementor-element elementor-element-bf271c7 elementor-widget elementor-widget-heading\" data-id=\"bf271c7\" data-element_type=\"widget\" data-widget_type=\"heading.default\">\n\t\t\t\t<div class=\"elementor-widget-container\">\n\t\t\t<style>\/*! elementor - v3.18.0 - 20-12-2023 *\/\n.elementor-heading-title{padding:0;margin:0;line-height:1}.elementor-widget-heading .elementor-heading-title[class*=elementor-size-]>a{color:inherit;font-size:inherit;line-height:inherit}.elementor-widget-heading .elementor-heading-title.elementor-size-small{font-size:15px}.elementor-widget-heading .elementor-heading-title.elementor-size-medium{font-size:19px}.elementor-widget-heading .elementor-heading-title.elementor-size-large{font-size:29px}.elementor-widget-heading .elementor-heading-title.elementor-size-xl{font-size:39px}.elementor-widget-heading .elementor-heading-title.elementor-size-xxl{font-size:59px}<\/style><h2 class=\"elementor-heading-title elementor-size-default\">Quem Somos<\/h2>\t\t<\/div>\n\t\t\t\t<\/div>\n\t\t\t\t<div class=\"elementor-element elementor-element-1720e79 elementor-widget elementor-widget-text-editor\" data-id=\"1720e79\" data-element_type=\"widget\" data-widget_type=\"text-editor.default\">\n\t\t\t\t<div class=\"elementor-widget-container\">\n\t\t\t<style>\/*! elementor - v3.18.0 - 20-12-2023 *\/\n.elementor-widget-text-editor.elementor-drop-cap-view-stacked .elementor-drop-cap{background-color:#69727d;color:#fff}.elementor-widget-text-editor.elementor-drop-cap-view-framed .elementor-drop-cap{color:#69727d;border:3px solid;background-color:transparent}.elementor-widget-text-editor:not(.elementor-drop-cap-view-default) .elementor-drop-cap{margin-top:8px}.elementor-widget-text-editor:not(.elementor-drop-cap-view-default) .elementor-drop-cap-letter{width:1em;height:1em}.elementor-widget-text-editor .elementor-drop-cap{float:left;text-align:center;line-height:1;font-size:50px}.elementor-widget-text-editor .elementor-drop-cap-letter{display:inline-block}<\/style>\t\t\t\t<p>Atuamos na \u00e1rea de Sistemas de Gest\u00e3o h\u00e1 mais de 24 anos, nos tornando especialistas em desenvolvimento de softwares que se destacam pela produtividade e seguran\u00e7a.<\/p><p>Desde o in\u00edcio da nossa hist\u00f3ria, sempre desenvolvemos cada uma das centenas de funcionalidades e relat\u00f3rios dos nossos sistemas. Isso \u00e9 um diferencial importante que nos permite incluir em nosso ERP tudo que \u00e9 essencial aos nossos Clientes.<\/p>\t\t\t\t\t\t<\/div>\n\t\t\t\t<\/div>\n\t\t\t\t<\/div>\n\t\t\t\t\t<\/div>\n\t\t\t\t<\/div>\n\t\t<div class=\"elementor-element elementor-element-3c2e0c9 e-flex e-con-boxed e-con e-parent\" data-id=\"3c2e0c9\" data-element_type=\"container\" data-settings=\"{&quot;content_width&quot;:&quot;boxed&quot;}\" data-core-v316-plus=\"true\">\n\t\t\t\t\t<div class=\"e-con-inner\">\n\t\t<div class=\"elementor-element elementor-element-4521d60 e-con-full e-flex e-con e-child\" data-id=\"4521d60\" data-element_type=\"container\" data-settings=\"{&quot;content_width&quot;:&quot;full&quot;}\">\n\t\t\t\t<div class=\"elementor-element elementor-element-7aa1829 elementor-widget elementor-widget-heading\" data-id=\"7aa1829\" data-element_type=\"widget\" data-widget_type=\"heading.default\">\n\t\t\t\t<div class=\"elementor-widget-container\">\n\t\t\t<h2 class=\"elementor-heading-title elementor-size-default\">Clientes e Parceiros<\/h2>\t\t<\/div>\n\t\t\t\t<\/div>\n\t\t\t\t<div class=\"elementor-element elementor-element-4107cc9 elementor-widget elementor-widget-text-editor\" data-id=\"4107cc9\" data-element_type=\"widget\" data-widget_type=\"text-editor.default\">\n\t\t\t\t<div class=\"elementor-widget-container\">\n\t\t\t\t\t\t\t<p id=\"justify-right-company\">Atendemos empresas de micro, pequeno e m\u00e9dio porte<br \/>de v\u00e1rias \u00e1reas de atua\u00e7\u00e3o: Comercial, Industrial e de<br \/>Servi\u00e7os.<\/p><p>Atualmente h\u00e1 usu\u00e1rios de nossas solu\u00e7\u00f5es em 71<br \/>munic\u00edpios espalhados por todas as regi\u00f5es do Brasil e<br \/>tamb\u00e9m no Uruguai e Estados Unidos.<\/p>\t\t\t\t\t\t<\/div>\n\t\t\t\t<\/div>\n\t\t\t\t<\/div>\n\t\t<div class=\"elementor-element elementor-element-c1fcf09 e-con-full e-flex e-con e-child\" data-id=\"c1fcf09\" data-element_type=\"container\" data-settings=\"{&quot;content_width&quot;:&quot;full&quot;}\">\n\t\t\t\t<div class=\"elementor-element elementor-element-a120ec6 elementor-widget elementor-widget-image\" data-id=\"a120ec6\" data-element_type=\"widget\" data-widget_type=\"image.default\">\n\t\t\t\t<div class=\"elementor-widget-container\">\n\t\t\t\t\t\t\t\t\t\t\t\t\t\t\t<img decoding=\"async\" width=\"800\" height=\"534\" src=\"https:\/\/maxisoft.com.br\/public\/wp-content\/uploads\/2025\/09\/Firm-Handshake-1024x683.jpg\" class=\"attachment-large size-large wp-image-1381\" alt=\"\" srcset=\"https:\/\/maxisoft.com.br\/public\/wp-content\/uploads\/2025\/09\/Firm-Handshake-1024x683.jpg 1024w, https:\/\/maxisoft.com.br\/public\/wp-content\/uploads\/2025\/09\/Firm-Handshake-300x200.jpg 300w, https:\/\/maxisoft.com.br\/public\/wp-content\/uploads\/2025\/09\/Firm-Handshake-768x513.jpg 768w, https:\/\/maxisoft.com.br\/public\/wp-content\/uploads\/2025\/09\/Firm-Handshake-1536x1025.jpg 1536w, https:\/\/maxisoft.com.br\/public\/wp-content\/uploads\/2025\/09\/Firm-Handshake-2048x1367.jpg 2048w\" sizes=\"(max-width: 800px) 100vw, 800px\" \/>\t\t\t\t\t\t\t\t\t\t\t\t\t\t\t<\/div>\n\t\t\t\t<\/div>\n\t\t\t\t<\/div>\n\t\t\t\t\t<\/div>\n\t\t\t\t<\/div>\n\t\t<div class=\"elementor-element elementor-element-d43952c e-flex e-con-boxed e-con e-parent\" data-id=\"d43952c\" data-element_type=\"container\" data-settings=\"{&quot;content_width&quot;:&quot;boxed&quot;}\" data-core-v316-plus=\"true\">\n\t\t\t\t\t<div class=\"e-con-inner\">\n\t\t<div class=\"elementor-element elementor-element-7502fca e-con-full e-flex e-con e-child\" data-id=\"7502fca\" data-element_type=\"container\" data-settings=\"{&quot;content_width&quot;:&quot;full&quot;}\">\n\t\t\t\t<div class=\"elementor-element elementor-element-fc02bcf elementor-widget elementor-widget-image\" data-id=\"fc02bcf\" data-element_type=\"widget\" data-widget_type=\"image.default\">\n\t\t\t\t<div class=\"elementor-widget-container\">\n\t\t\t\t\t\t\t\t\t\t\t\t\t\t\t<img decoding=\"async\" width=\"770\" height=\"400\" src=\"https:\/\/maxisoft.com.br\/public\/wp-content\/uploads\/2025\/09\/SGQ-770x400-1.png\" class=\"attachment-large size-large wp-image-1382\" alt=\"\" srcset=\"https:\/\/maxisoft.com.br\/public\/wp-content\/uploads\/2025\/09\/SGQ-770x400-1.png 770w, https:\/\/maxisoft.com.br\/public\/wp-content\/uploads\/2025\/09\/SGQ-770x400-1-300x156.png 300w, https:\/\/maxisoft.com.br\/public\/wp-content\/uploads\/2025\/09\/SGQ-770x400-1-768x399.png 768w\" sizes=\"(max-width: 770px) 100vw, 770px\" \/>\t\t\t\t\t\t\t\t\t\t\t\t\t\t\t<\/div>\n\t\t\t\t<\/div>\n\t\t\t\t<\/div>\n\t\t<div class=\"elementor-element elementor-element-6e8bad0 e-con-full e-flex e-con e-child\" data-id=\"6e8bad0\" data-element_type=\"container\" data-settings=\"{&quot;content_width&quot;:&quot;full&quot;}\">\n\t\t\t\t<div class=\"elementor-element elementor-element-be42c03 elementor-widget elementor-widget-heading\" data-id=\"be42c03\" data-element_type=\"widget\" data-widget_type=\"heading.default\">\n\t\t\t\t<div class=\"elementor-widget-container\">\n\t\t\t<h2 class=\"elementor-heading-title elementor-size-default\"> Sistemas Intuitivos e Eficientes<\/h2>\t\t<\/div>\n\t\t\t\t<\/div>\n\t\t\t\t<div class=\"elementor-element elementor-element-548d1b3 elementor-widget elementor-widget-text-editor\" data-id=\"548d1b3\" data-element_type=\"widget\" data-widget_type=\"text-editor.default\">\n\t\t\t\t<div class=\"elementor-widget-container\">\n\t\t\t\t\t\t\t<p id=\"justify-right-company\">Acreditamos que um Sistema de Gest\u00e3o deve ser intuitivo<br \/>e f\u00e1cil de utilizar. Por isso todos os nossos Sistemas s\u00e3o<br \/>customizados para cada um de nossos Clientes e<br \/>desenvolvidos pensando no usu\u00e1rio.<\/p><p>Nosso Sistema \u00e9 completo e atende plenamente<br \/>empresas de Atacado, Varejo, Food Service, da Ind\u00fastria e<br \/>de Servi\u00e7os.<\/p>\t\t\t\t\t\t<\/div>\n\t\t\t\t<\/div>\n\t\t\t\t<div class=\"elementor-element elementor-element-20adafd elementor-mobile-align-center elementor-widget elementor-widget-button\" data-id=\"20adafd\" data-element_type=\"widget\" data-widget_type=\"button.default\">\n\t\t\t\t<div class=\"elementor-widget-container\">\n\t\t\t\t\t<div class=\"elementor-button-wrapper\">\n\t\t\t<a class=\"elementor-button elementor-button-link elementor-size-sm\" href=\"https:\/\/maxisoft.com.br\/public\/solucoes_erp_maxigestao\/\">\n\t\t\t\t\t\t<span class=\"elementor-button-content-wrapper\">\n\t\t\t\t\t\t<span class=\"elementor-button-text\">Saber mais informa\u00e7\u00f5es<\/span>\n\t\t<\/span>\n\t\t\t\t\t<\/a>\n\t\t<\/div>\n\t\t\t\t<\/div>\n\t\t\t\t<\/div>\n\t\t\t\t<\/div>\n\t\t\t\t\t<\/div>\n\t\t\t\t<\/div>\n\t\t<div class=\"elementor-element elementor-element-dd3c4b8 e-flex e-con-boxed e-con e-parent\" data-id=\"dd3c4b8\" data-element_type=\"container\" data-settings=\"{&quot;content_width&quot;:&quot;boxed&quot;}\" data-core-v316-plus=\"true\">\n\t\t\t\t\t<div class=\"e-con-inner\">\n\t\t<div class=\"elementor-element elementor-element-f12182f e-con-full e-flex e-con e-child\" data-id=\"f12182f\" data-element_type=\"container\" data-settings=\"{&quot;content_width&quot;:&quot;full&quot;}\">\n\t\t\t\t<div class=\"elementor-element elementor-element-3287fa3 elementor-widget elementor-widget-heading\" data-id=\"3287fa3\" data-element_type=\"widget\" data-widget_type=\"heading.default\">\n\t\t\t\t<div class=\"elementor-widget-container\">\n\t\t\t<h2 class=\"elementor-heading-title elementor-size-default\">Atendimento de Excel\u00eancia<\/h2>\t\t<\/div>\n\t\t\t\t<\/div>\n\t\t\t\t<div class=\"elementor-element elementor-element-d84af83 elementor-widget elementor-widget-text-editor\" data-id=\"d84af83\" data-element_type=\"widget\" data-widget_type=\"text-editor.default\">\n\t\t\t\t<div class=\"elementor-widget-container\">\n\t\t\t\t\t\t\t<p id=\"justify-right-company\">Nosso maior objetivo \u00e9 fornecer um atendimento<br \/>impec\u00e1vel aos nossos Clientes. Por isso, temos<br \/>profissionais qualificados e treinados para resolver<br \/>qualquer dificuldade imediatamente e com perfei\u00e7\u00e3o.<\/p><p>Ao entrar em contato conosco queremos ter a certeza que<br \/>al\u00e9m de ter suas d\u00favidas resolvidas, nossos Clientes sejam<br \/>tratados com aten\u00e7\u00e3o e cortesia.<\/p>\t\t\t\t\t\t<\/div>\n\t\t\t\t<\/div>\n\t\t\t\t<div class=\"elementor-element elementor-element-b5eb870 elementor-mobile-align-center elementor-widget elementor-widget-button\" data-id=\"b5eb870\" data-element_type=\"widget\" data-widget_type=\"button.default\">\n\t\t\t\t<div class=\"elementor-widget-container\">\n\t\t\t\t\t<div class=\"elementor-button-wrapper\">\n\t\t\t<a class=\"elementor-button elementor-button-link elementor-size-sm\" href=\"https:\/\/maxisoft.com.br\/public\/solucoes_erp_maxigestao\/\">\n\t\t\t\t\t\t<span class=\"elementor-button-content-wrapper\">\n\t\t\t\t\t\t<span class=\"elementor-button-text\">Saber mais informa\u00e7\u00f5es<\/span>\n\t\t<\/span>\n\t\t\t\t\t<\/a>\n\t\t<\/div>\n\t\t\t\t<\/div>\n\t\t\t\t<\/div>\n\t\t\t\t<\/div>\n\t\t<div class=\"elementor-element elementor-element-a5e57a9 e-con-full e-flex e-con e-child\" data-id=\"a5e57a9\" data-element_type=\"container\" data-settings=\"{&quot;content_width&quot;:&quot;full&quot;}\">\n\t\t\t\t<div class=\"elementor-element elementor-element-bbfaab3 elementor-widget elementor-widget-image\" data-id=\"bbfaab3\" data-element_type=\"widget\" data-widget_type=\"image.default\">\n\t\t\t\t<div class=\"elementor-widget-container\">\n\t\t\t\t\t\t\t\t\t\t\t\t\t\t\t<img loading=\"lazy\" decoding=\"async\" width=\"800\" height=\"534\" src=\"https:\/\/maxisoft.com.br\/public\/wp-content\/uploads\/2025\/09\/295363-o-que-a-geracao-millennials-espera-do-atendimento-ao-cliente-veja-1024x683.jpg\" class=\"attachment-large size-large wp-image-1384\" alt=\"\" srcset=\"https:\/\/maxisoft.com.br\/public\/wp-content\/uploads\/2025\/09\/295363-o-que-a-geracao-millennials-espera-do-atendimento-ao-cliente-veja-1024x683.jpg 1024w, https:\/\/maxisoft.com.br\/public\/wp-content\/uploads\/2025\/09\/295363-o-que-a-geracao-millennials-espera-do-atendimento-ao-cliente-veja-300x200.jpg 300w, https:\/\/maxisoft.com.br\/public\/wp-content\/uploads\/2025\/09\/295363-o-que-a-geracao-millennials-espera-do-atendimento-ao-cliente-veja-768x512.jpg 768w, https:\/\/maxisoft.com.br\/public\/wp-content\/uploads\/2025\/09\/295363-o-que-a-geracao-millennials-espera-do-atendimento-ao-cliente-veja-1536x1025.jpg 1536w, https:\/\/maxisoft.com.br\/public\/wp-content\/uploads\/2025\/09\/295363-o-que-a-geracao-millennials-espera-do-atendimento-ao-cliente-veja-2048x1367.jpg 2048w\" sizes=\"(max-width: 800px) 100vw, 800px\" \/>\t\t\t\t\t\t\t\t\t\t\t\t\t\t\t<\/div>\n\t\t\t\t<\/div>\n\t\t\t\t<\/div>\n\t\t\t\t\t<\/div>\n\t\t\t\t<\/div>\n\t\t\t\t\t\t\t<\/div>\n\t\t","protected":false},"excerpt":{"rendered":"<p>Quem Somos Atuamos na \u00e1rea de Sistemas de Gest\u00e3o h\u00e1 mais de 24 anos, nos tornando especialistas em desenvolvimento de softwares que se destacam pela produtividade e seguran\u00e7a. Desde o in\u00edcio da nossa hist\u00f3ria, sempre desenvolvemos cada uma das centenas de funcionalidades e relat\u00f3rios dos nossos sistemas. Isso \u00e9 um diferencial importante que nos permite [&hellip;]<\/p>\n","protected":false},"author":4,"featured_media":0,"parent":0,"menu_order":0,"comment_status":"closed","ping_status":"closed","template":"","meta":{"footnotes":""},"class_list":["post-313","page","type-page","status-publish","hentry"],"_links":{"self":[{"href":"https:\/\/maxisoft.com.br\/public\/wp-json\/wp\/v2\/pages\/313","targetHints":{"allow":["GET"]}}],"collection":[{"href":"https:\/\/maxisoft.com.br\/public\/wp-json\/wp\/v2\/pages"}],"about":[{"href":"https:\/\/maxisoft.com.br\/public\/wp-json\/wp\/v2\/types\/page"}],"author":[{"embeddable":true,"href":"https:\/\/maxisoft.com.br\/public\/wp-json\/wp\/v2\/users\/4"}],"replies":[{"embeddable":true,"href":"https:\/\/maxisoft.com.br\/public\/wp-json\/wp\/v2\/comments?post=313"}],"version-history":[{"count":66,"href":"https:\/\/maxisoft.com.br\/public\/wp-json\/wp\/v2\/pages\/313\/revisions"}],"predecessor-version":[{"id":1453,"href":"https:\/\/maxisoft.com.br\/public\/wp-json\/wp\/v2\/pages\/313\/revisions\/1453"}],"wp:attachment":[{"href":"https:\/\/maxisoft.com.br\/public\/wp-json\/wp\/v2\/media?parent=313"}],"curies":[{"name":"wp","href":"https:\/\/api.w.org\/{rel}","templated":true}]}}